actor of 31483 and 19.
19
What is the highest common factor of 750 and 875?
125
What is the greatest common divisor of 508 and 4?
4
Calculate the highest common factor of 2619 and 216.
27
Calculate the highest common factor of 6 and 206.
2
Calculate the highest common factor of 2581 and 178.
89
What is the greatest common factor of 17 and 119?
17
What is the greatest common factor of 18 and 18?
18
What is the greatest common factor of 952 and 1768?
136
What is the greatest common divisor of 470 and 20?
10
What is the highest common divisor of 2644 and 60?
4
Calculate the greatest common factor of 14579 and 61.
61
What is the greatest common factor of 969 and 570?
57
What is the greatest common factor of 17350 and 50?
50
What is the highest common divisor of 943 and 115?
23
What is the greatest common divisor of 1591 and 129?
43
What is the highest common divisor of 3483 and 648?
81
What is the highest common divisor of 405 and 15?
15
Calculate the highest common divisor of 2254 and 833.
49
What is the greatest common divisor of 87 and 174?
87
Calculate the greatest common factor of 472 and 384.
8
What is the highest common factor of 196 and 532?
28
Calculate the greatest common divisor of 374 and 132.
22
What is the highest common divisor of 43806 and 294?
294
Calculate the greatest common divisor of 1336 and 1837.
167
What is the greatest common divisor of 48136 and 88?
88
What is the highest common divisor of 372 and 60?
12
Calculate the greatest common divisor of 1190 and 7.
7
Calculate the highest common factor of 540 and 200.
20
Calculate the greatest common factor of 3648 and 448.
64
Calculate the highest common divisor of 6 and 16524.
6
What is the greatest common divisor of 172 and 4?
4
Calculate the greatest common factor of 72 and 8.
8
Calculate the highest common factor of 16126 and 132.
22
Calculate the greatest common divisor of 9 and 72.
9
What is the highest common factor of 46 and 506?
46
What is the highest common factor of 191 and 48896?
191
What is the greatest common divisor of 52 and 78?
26
What is the highest common divisor of 2249 and 13?
13
Calculate the greatest common divisor of 48 and 216.
24
Calculate the greatest common divisor of 1428 and 7.
7
Calculate the greatest common factor of 100 and 1100.
100
What is the highest common divisor of 55 and 22?
11
Calculate the highest common divisor of 28 and 756.
28
What is the greatest common divisor of 106 and 3074?
106
What is the greatest common divisor of 236 and 767?
59
Calculate the highest common divisor of 35 and 190.
5
What is the greatest common factor of 1092 and 56?
28
What is the greatest common divisor of 252 and 28?
28
Calculate the greatest common factor of 72 and 8.
8
What is the greatest common divisor of 143 and 1859?
143
What is the greatest common factor of 4577 and 69?
23
Calculate the highest common factor of 30 and 15.
15
Calculate the greatest common divisor of 320 and 90.
10
Calculate the greatest common divisor of 24191 and 68.
17
What is the highest common divisor of 12 and 192?
12
What is the greatest common divisor of 7 and 21105?
7
What is the greatest common divisor of 3358 and 46?
46
What is the greatest common divisor of 24 and 24?
24
Calculate the highest common divisor of 944 and 295.
59
What is the highest common divisor of 688 and 48?
16
What is the greatest common divisor of 56 and 35?
7
Calculate the highest common factor of 10 and 210.
10
What is the highest common factor of 51 and 527?
17
Calculate the greatest common factor of 320 and 2752.
64
Calculate the greatest common divisor of 10412 and 380.
76
What is the highest common factor of 225 and 1065?
15
What is the greatest common factor of 45 and 27?
9
What is the highest common factor of 675 and 81?
27
What is the greatest common divisor of 629 and 459?
17
Calculate the highest common divisor of 17 and 17.
17
What is the greatest common factor of 760 and 475?
95
Calculate the highest common factor of 1840 and 2160.
80
Calculate the highest common factor of 191 and 23111.
191
What is the highest common factor of 50 and 675?
25
Calculate the greatest common factor of 418 and 352.
22
Calculate the greatest common factor of 536 and 67.
67
Calculate the highest common divisor of 240 and 64.
16
What is the greatest common factor of 7168 and 14?
14
Calculate the highest common factor of 164 and 1435.
41
What is the greatest common factor of 90 and 4710?
30
What is the greatest common factor of 72 and 128?
8
What is the highest common divisor of 2 and 2441?
1
Calculate the greatest common divisor of 3549 and 42.
21
What is the greatest common factor of 896 and 768?
128
Calculate the greatest common divisor of 52 and 3406.
26
What is the greatest common divisor of 8 and 3?
1
Calculate the highest common divisor of 8 and 64.
8
Calculate the highest common factor of 11 and 19.
1
Calculate the greatest common factor of 82 and 287.
41
Calculate the highest common factor of 42 and 8330.
14
Calculate the highest common divisor of 308 and 231.
77
Calculate the highest common divisor of 924 and 11.
11
Calculate the highest common factor of 66 and 176.
22
What is the greatest common factor of 595 and 2737?
119
Calculate the highest common divisor of 140 and 12.
4
Calculate the highest common divisor of 400 and 325.
25
What is the highest common factor of 24 and 1872?
24
Calculate the greatest common divisor of 2555 and 105.
35
Calculate the highest common factor of 32 and 272.
16
What is the highest common factor of 63 and 217?
7
What is the greatest common factor of 144 and 99?
9
What is the greatest common divisor of 139 and 3753?
139
What is the greatest common divisor of 205 and 7708?
41
What is the greatest common factor of 190 and 57?
19
What is the greatest common divisor of 9 and 25344?
9
Calculate the greatest common factor of 350 and 322.
14
What is the greatest common factor of 158 and 3239?
79
What is the highest common divisor of 7818 and 6?
6
Calculate the greatest common divisor of 180 and 804.
12
What is the greatest common factor of 31 and 837?
31
What is the greatest common divisor of 19 and 182761?
19
Calculate the greatest common factor of 26 and 94.
2
What is the greatest common factor of 102298 and 14?
14
Calculate the greatest common factor of 23745 and 15.
15
Calculate the greatest common divisor of 13 and 923.
13
What is the greatest common factor of 68 and 238?
34
Calculate the greatest common divisor of 7224 and 14.
14
What is the greatest common divisor of 2288 and 104?
104
Calculate the highest common factor of 14 and 14.
14
Calculate the highest common divisor of 6 and 326.
2
Calculate the greatest common divisor of 2176 and 256.
128
What is the greatest common divisor of 290 and 10?
10
Calculate the highest common factor of 4578 and 42.
42
Calculate the highest common factor of 231 and 385.
77
What is the highest common divisor of 285 and 30?
15
What is the greatest common divisor of 200 and 12300?
100
What is the greatest common factor of 88 and 1188?
44
Calculate the highest common factor of 78 and 52.
26
What is the highest common factor of 81 and 324?
81
What is the highest common divisor of 26 and 51298?
26
Calculate the highest common factor of 2544 and 954.
318
What is the highest common divisor of 54 and 2016?
18
Calculate the highest common divisor of 145 and 35.
5
What is the highest common divisor of 20 and 1260?
20
Calculate the highest common divisor of 27 and 387.
9
Calculate the highest common divisor of 3355 and 11.
11
Calculate the greatest common factor of 40 and 1256.
8
What is the greatest common factor of 62 and 3193?
31
Calculate the greatest common factor of 12 and 844.
4
Calculate the greatest common factor of 4 and 292.
4
What is the highest common divisor of 64 and 64?
64
What is the highest common factor of 140 and 260?
20
Calculate the highest common divisor of 24 and 2616.
24
What is the greatest common divisor of 552 and 207?
69
What is the highest common divisor of 3 and 3?
3
Calculate the greatest common factor of 29 and 29.
29
Calculate the highest common factor of 272 and 16.
16
Calculate the highest common divisor of 3333 and 99.
33
Calculate the greatest common factor of 44 and 2068.
44
What is the highest common factor of 22